{"id":125,"date":"2025-12-21T10:52:52","date_gmt":"2025-12-21T10:52:52","guid":{"rendered":"http:\/\/massagesadeuxmains.fr\/?page_id=125"},"modified":"2025-12-21T10:52:52","modified_gmt":"2025-12-21T10:52:52","slug":"lenergetique-dans-mes-massages","status":"publish","type":"page","link":"https:\/\/massagesadeuxmains.fr\/?page_id=125","title":{"rendered":"L&#8217;Energ\u00e9tique dans mes massages"},"content":{"rendered":"\n<figure class=\"wp-block-image size-full\"><img loading=\"lazy\" decoding=\"async\" width=\"900\" height=\"600\" src=\"http:\/\/massagesadeuxmains.fr\/wp-content\/uploads\/2025\/12\/monimage-1.jpg\" alt=\"\" class=\"wp-image-126\" srcset=\"https:\/\/massagesadeuxmains.fr\/wp-content\/uploads\/2025\/12\/monimage-1.jpg 900w, https:\/\/massagesadeuxmains.fr\/wp-content\/uploads\/2025\/12\/monimage-1-300x200.jpg 300w, https:\/\/massagesadeuxmains.fr\/wp-content\/uploads\/2025\/12\/monimage-1-768x512.jpg 768w\" sizes=\"auto, (max-width: 900px) 100vw, 900px\" \/><\/figure>\n\n\n\n<p><strong>L&#8217;\u00e9nerg\u00e9tique est souvent ma base de travail, vous le sentirez ou pas<\/strong> selon votre sensibilit\u00e9 et le d\u00e9roul\u00e9 de la s\u00e9ance. Le massage est un moment de dialogue entre mes mains et votre corps, il s&#8217;adapte \u00e0 ce que je ressens et \u00e0 ce que vous exprimez.<\/p>\n\n\n\n<p>L&#8217;intention est toujours bienveillante et vise \u00e0 r\u00e9\u00e9quilibrer les trop pleins et les vides dans le corps.<\/p>\n\n\n\n<p><strong>Si vous avez des questions ou que vous n&#8217;\u00eates pas \u00e0 l&#8217;aise avec l&#8217;\u00e9nerg\u00e9tique n&#8217;h\u00e9sitez pas \u00e0 m&#8217;en faire part. <\/strong><\/p>\n\n\n\n<p>Je peux renforcer mes intentions ou ne pas me servir de cette technique si vous me le demandez.<\/p>\n\n\n\n<p>Chaque massage est unique, il se compose \u00e0 l&#8217;instant.<\/p>\n\n\n\n<p><\/p>\n","protected":false},"excerpt":{"rendered":"<p>L&#8217;\u00e9nerg\u00e9tique est souvent ma base de travail, vous le sentirez ou pas selon votre sensibilit\u00e9 et le d\u00e9roul\u00e9 de la s\u00e9ance. Le massage est un moment de dialogue entre mes mains et votre corps, il s&#8217;adapte \u00e0 ce que je ressens et \u00e0 ce que vous exprimez. L&#8217;intention est toujours bienveillante et vise \u00e0 r\u00e9\u00e9quilibrer [&hellip;]<\/p>\n","protected":false},"author":1,"featured_media":0,"parent":0,"menu_order":0,"comment_status":"closed","ping_status":"closed","template":"","meta":{"footnotes":""},"class_list":["post-125","page","type-page","status-publish","hentry"],"_links":{"self":[{"href":"https:\/\/massagesadeuxmains.fr\/index.php?rest_route=\/wp\/v2\/pages\/125","targetHints":{"allow":["GET"]}}],"collection":[{"href":"https:\/\/massagesadeuxmains.fr\/index.php?rest_route=\/wp\/v2\/pages"}],"about":[{"href":"https:\/\/massagesadeuxmains.fr\/index.php?rest_route=\/wp\/v2\/types\/page"}],"author":[{"embeddable":true,"href":"https:\/\/massagesadeuxmains.fr\/index.php?rest_route=\/wp\/v2\/users\/1"}],"replies":[{"embeddable":true,"href":"https:\/\/massagesadeuxmains.fr\/index.php?rest_route=%2Fwp%2Fv2%2Fcomments&post=125"}],"version-history":[{"count":1,"href":"https:\/\/massagesadeuxmains.fr\/index.php?rest_route=\/wp\/v2\/pages\/125\/revisions"}],"predecessor-version":[{"id":127,"href":"https:\/\/massagesadeuxmains.fr\/index.php?rest_route=\/wp\/v2\/pages\/125\/revisions\/127"}],"wp:attachment":[{"href":"https:\/\/massagesadeuxmains.fr\/index.php?rest_route=%2Fwp%2Fv2%2Fmedia&parent=125"}],"curies":[{"name":"wp","href":"https:\/\/api.w.org\/{rel}","templated":true}]}}